Let p(f) = 4*f - 21. Let h be p(9). Suppose 14*x + 32 = h*x. What are the prime factors of x?
2
Let o be 14/(-8)*(26 - 1058). Let c = o - 932. List the prime factors of c.
2, 19, 23
Let y(u) = 11*u - 7 - 1 - 6. Suppose 2*l = 4*l + 2*o + 2, -l - 5 = 2*o. List the prime factors of y(l).
19
Let q(p) = -52 - 25*p - 77 + 130*p - 44*p + 80*p. What are the prime factors of q(9)?
2, 3, 5, 19
Let b(u) = -2*u - 13*u**3 - 4 - 9*u**2 - 3*u + 3*u + 10*u**3. Let m be b(-3). Suppose l + a - 7 = 0, l + 4*a - m - 20 = 0. What are the prime factors of l?
2
Suppose 0*g - g + 2 = 2*q, -3*g = 4*q - 4. Suppose g = -20*p + 21*p - 2. What are the prime factors of -4 - (p - ((-8)/4 + 117))?
109
Let w(v) = -v - 27. Let p be w(-6). Let g = p + -39. What are the prime factors of ((-6)/2)/(-3 - 171/g)?
2, 5
Let q(v) = -130*v**2 - 17*v + 35. Let g be q(2). Let i = 131 - g. List the prime factors of i.
2, 5, 13
Let t = -6693 - -17083. List the prime factors of t.
2, 5, 1039
Let r be -8 - (-25497)/27 - (-2)/(-6). Suppose 2*h + 7*k = 2*k + 912, 2*h = k + r. List the prime factors of h.
2, 233
Let i = 3573 + 18476. What are the prime factors of i?
17, 1297
Suppose -188*p = -193*p - 2*m + 49481, -19812 = -2*p + 2*m. What are the prime factors of p?
19, 521
Suppose -3*g + 21 = -2*a + 14, 1 = -g + 4*a. Suppose -4*l + g*l + 2620 = 5*s, 0 = s + 5*l - 500. What are the prime factors of s?
3, 5, 7
Let n = -11674 + 50845. What are the prime factors of n?
3, 11, 1187
Suppose -7 = -q + 5*b - 2, 0 = 2*q + 2*b - 10. Suppose q*s = 4 + 11. Suppose s*u - 5*y - 148 = 0, 2*u - 38 = -2*y + 34. What are the prime factors of u?
41
Suppose -3*k = 5 - 23. Suppose -k*r = 1630 - 436. Let d = -45 - r. What are the prime factors of d?
2, 7, 11
Suppose 30781 = 3*k + q, -9*q = 3*k - 6*q - 30795. List the prime factors of k.
2, 23, 223
Suppose 0 = -5*u - 2*p - 1589, 201 = u + 2*p + 514. Let z = 552 + u. What are the prime factors of z?
233
Let c(b) be the second derivative of b**4/6 + 2*b**3 + 7*b**2/2 - 4*b. Let r be c(-8). Let s = r - 13. List the prime factors of s.
2, 13
List the prime factors of 2 - -17943 - (0 - 6).
29, 619
Let b(n) = 14*n**2 - 11*n - 18. Let t = 39 - 34. What are the prime factors of b(t)?
277
Let d = 2530 - 1596. Suppose -9*k + d = -83. List the prime factors of k.
113
List the prime factors of (352/55 - 7)*215*-113.
3, 43, 113
Suppose -1 + 13 = 4*d - 3*r, 16 = d - 4*r. Suppose 2*y = -d + 8. Suppose -k = 2*a - 37, 5*a = y*k - k - 67. What are the prime factors of k?
29
Let n = -40 - -36. Let d be (0 + n)/((-8)/(-64)). Let s = d + 51. List the prime factors of s.
19
Let n be 11/(-4 + 27/7). Let m = -63 - -65. What are the prime factors of (-4 + m + n)/(-1)?
79
List the prime factors of (1 - (-19884)/16*6)/(3/18).
3, 5, 19, 157
Let f(t) = -137*t - 19. Let z be f(3). Let y = 684 + z. List the prime factors of y.
2, 127
Suppose 0 = -59*c + 62*c + 4*y - 38, 7*c - 37 = y. Let r(n) = n + 960. Let p be r(0). What are the prime factors of ((-9)/c - -1)*p/(-5)?
2, 3
Let r(u) = -5893*u - 997. What are the prime factors of r(-2)?
10789
Let k = 25 + -28. Let r be (111 - (0 - 4)) + k. Suppose 3*m - r = m. List the prime factors of m.
2, 7
Let z(c) = -c**3 + 28*c**2 - 18*c + 28. Let k be z(25). Suppose -x - 4304 = -3*g - 3*x, -g + k = -3*x. Suppose -g - 905 = -11*u. List the prime factors of u.
3, 71
What are the prime factors of 4/34 + (-40648044)/(-2397)?
2, 61, 139
Suppose -7*y = -11*y + 16. Suppose -5*a + 810 = 5*r, -2*r - y*a - 167 + 491 = 0. What are the prime factors of r?
2, 3
Let n be (-10)/40 - 3318/8. Let o = -93 - n. What are the prime factors of o?
2, 7, 23
Suppose 7*a = 14 + 14. Suppose a*x - 1115 = -4*r + 3533, -2*r - 5*x = -2333. List the prime factors of r.
19, 61
Suppose -11*f + 822 = -5*f. Suppose -4*n + 649 = -4*c + f, -4*c = -8. Suppose j + 0*d - 4*d - 43 = 0, 0 = 2*j + 3*d - n. List the prime factors of j.
59
Let k be (-32)/(-6) - ((-49)/7)/(-21). Suppose -k*t = -4*t - 2. Suppose 0 = -o - t*o + 492. List the prime factors of o.
2, 41
Let u be (-2)/(-9) - 2207/9. Let m be u/(-77) - (-2)/(-11). Suppose 4*k = m*y + 437, 4*k - 4*y - 534 + 102 = 0. What are the prime factors of k?
113
Let i = 53 - 50. Suppose r - 164 = -k - 4*k, -i*k = -6. Suppose r + 218 = 4*b. List the prime factors of b.
3, 31
List the prime factors of (56448/20)/6*(3 - -12).
2, 3, 7
Let i be (-6)/8 + 8975/20 + 4. Suppose -4*p + b + 347 = -i, -1030 = -5*p - 5*b. List the prime factors of p.
3, 67
Let p(i) = i**2 + 1. Let s(o) = -23*o**2 - o - 8. Let v(c) = c**2 + 10*c + 8. Let r be v(-9). Let w(b) = r*s(b) - 6*p(b). What are the prime factors of w(-1)?
2, 3
Suppose 23479 + 73211 = 7*h - 2*h. What are the prime factors of h?
2, 3, 11, 293
Let k(j) = -1910*j + 3104. What are the prime factors of k(-16)?
2, 263
Let l be (-10 - 12/(-4)) + 7. Suppose l = 3*n - 4*w - 2456, 2*n = -0*w + 2*w + 1640. What are the prime factors of n?
2, 103
Suppose -29*s + 15735 = 7*s - 23073. What are the prime factors of s?
2, 7, 11
Suppose 95860 = 4*n + 5*a, -13*a = -9*a - 16. Suppose 9280 + n = 24*k. List the prime factors of k.
5, 277
Let u(j) = 30*j**2 + 4. Let l be u(-2). Suppose 0 = -4*q + l + 60. Suppose q = y - 2*k, -k = -0*y - 4*y + 163. What are the prime factors of y?
2, 5
Let l = 275 + -279. What are the prime factors of l/(-12) - 1645/(-15)?
2, 5, 11
Suppose 14*a - 13240 = 58790. List the prime factors of a.
3, 5, 7
Let l = -137 + 79. Let c = 83 + l. What are the prime factors of c/(-1)*(12/(-2))/6?
5
Suppose -45*r + 177450 = -22980. What are the prime factors of r?
2, 17, 131
Let d(x) = 422*x**2 - 55*x + 1170. List the prime factors of d(11).
3, 17209
Let l(d) = d**3 - 29*d**2 + 27*d + 28. Let k be l(28). Suppose -5*b = 3*p + 1908, 3*b + k*p + 1145 = -2*p. Let v = 577 + b. What are the prime factors of v?
2, 7
Let d = -875 + 1792. Suppose 5*b - 1028 = d. List the prime factors of b.
389
Suppose -126629 = -5*j + y, -3*j = -4*y - 33928 - 42029. List the prime factors of j.
19, 31, 43
Let b be (-1 + 4)/(8/4)*2. Suppose 2*k + b = 13. Suppose 42 = 2*v + 4*j, -45 - 27 = -k*v + j. What are the prime factors of v?
3, 5
Suppose 0 = -11*z + 2*z + 1692. Suppose 4*o - u + 0*u = -z, 224 = -5*o + 4*u. Let j = 162 + o. What are the prime factors of j?
2, 3, 19
Suppose 6*d + 8 = 14. What are the prime factors of (-2 - 2 - d) + 4 + 336?
5, 67
Let m = 8605 - -2151. What are the prime factors of m?
2, 2689
Suppose 231 - 827 = -4*t. Let o = t + -99. Suppose 5*i + 4*d - o = 0, -i - 95 = -6*i + 5*d. List the prime factors of i.
2, 7
What are the prime factors of ((-5)/(-15))/(1*2/(-6))*-1399?
1399
Let g be (15*3/30)/(6/(-8728)). Let w = -929 - g. List the prime factors of w.
7, 179
List the prime factors of (-1 + (-12198)/18)*-3.
2, 509
Suppose 4*f = -2*x - 2 - 2, -6 = -4*f + 3*x. Suppose f = 3*r - c + 15 + 121, 3*r = -5*c - 148. What are the prime factors of (-26)/5*(r + 11)?
2, 7, 13
Suppose -k = -6 + 5, -498 = -5*p + 2*k. Let s = p + 681. List the prime factors of s.
11, 71
Suppose -3*i + 4*g = -54893, 20*g - 73172 = -4*i + 16*g. List the prime factors of i.
5, 3659
Let k(u) = 7*u**2 + 3*u + 2. Let g(z) = 15*z**2 + 6*z + 5. Let q(i) = -4*g(i) + 9*k(i). Let y be q(2). List the prime factors of ((-18)/3)/(y/56)*-9.
3, 7
List the prime factors of ((-88)/(-42))/22 - (-111277)/21.
7, 757
Let s(p) = -10*p**3 + 18*p**2 - 6*p - 224. What are the prime factors of s(-12)?
2, 5, 17, 29
Suppose 293*z - 338*z = -1874385. What are the prime factors of z?
23, 1811
Let z(m) be the second derivative of 3*m**5/4 - 5*m**4/4 + 49*m**3/6 - 5*m**2 + m + 43. What are the prime factors of z(5)?
5, 347
Let n(x) = 11*x - 50*x**2 + 8 - x**3 + 5*x + 49*x**2 + 15*x. What are the prime factors of n(-9)?
13, 29
Suppose 6192 = 25*v - 17*v. Suppose -5*a = -0*w - 3*w - v, 3*a - 456 = -w. What are the prime factors of a?
3, 17
Suppose 3*w + r - 6892 = 0, -5*w = 5*r - 4*r - 11484. Suppose 0 = -6*m - 8*m + w. What are the prime factors of m?
2, 41
Let u(k) = -562*k - 817. List the prime factors of u(-65).
71, 503
Suppose -2*y + 22 = -3*r, -2 = -2*y - 0*y - 2*r. Suppose 0*q = -y*q + 20. Suppose 105 = q*m - 159. What are the prime factors of m?
2, 3, 11
Suppose 18760 = 2*f + 23*h, -f + 7124 = -5*h - 2322. List the prime factors of f.
2, 3, 1571
Let j be (-4 + 36/16)/(2/(-